73191 is divided by 46.
1
What is the remainder when 5002 is divided by 1477?
571
Calculate the remainder when 77495 is divided by 1192.
15
What is the remainder when 617 is divided by 86?
15
What is the remainder when 31805 is divided by 10037?
1694
Calculate the remainder when 1657 is divided by 540.
37
Calculate the remainder when 3942 is divided by 1284.
90
What is the remainder when 5581 is divided by 1483?
1132
What is the remainder when 7729 is divided by 41?
21
What is the remainder when 9278 is divided by 667?
607
Calculate the remainder when 16019 is divided by 5336.
11
What is the remainder when 51131 is divided by 312?
275
Calculate the remainder when 356 is divided by 168.
20
What is the remainder when 2568 is divided by 44?
16
What is the remainder when 2907 is divided by 527?
272
What is the remainder when 159130 is divided by 149?
147
Calculate the remainder when 5183 is divided by 690.
353
Calculate the remainder when 4420 is divided by 498.
436
Calculate the remainder when 135797 is divided by 56.
53
What is the remainder when 28558 is divided by 140?
138
What is the remainder when 7622 is divided by 191?
173
Calculate the remainder when 35153 is divided by 34.
31
Calculate the remainder when 815158 is divided by 14.
8
Calculate the remainder when 240010 is divided by 6.
4
What is the remainder when 26355 is divided by 1614?
531
What is the remainder when 458387 is divided by 119?
118
What is the remainder when 12425 is divided by 55?
50
Calculate the remainder when 5631 is divided by 83.
70
Calculate the remainder when 2611 is divided by 281.
82
Calculate the remainder when 1728 is divided by 252.
216
What is the remainder when 10624 is divided by 392?
40
What is the remainder when 235510 is divided by 47?
40
Calculate the remainder when 60094 is divided by 119.
118
What is the remainder when 3116 is divided by 41?
0
What is the remainder when 137615 is divided by 12?
11
Calculate the remainder when 5527 is divided by 15.
7
Calculate the remainder when 914 is divided by 592.
322
Calculate the remainder when 5152 is divided by 1568.
448
What is the remainder when 435550 is divided by 23?
22
Calculate the remainder when 8688 is divided by 789.
9
What is the remainder when 914979 is divided by 55?
54
What is the remainder when 46426 is divided by 895?
781
Calculate the remainder when 140464 is divided by 45.
19
What is the remainder when 9717 is divided by 58?
31
What is the remainder when 19125 is divided by 6349?
78
Calculate the remainder when 2120072 is divided by 63.
59
Calculate the remainder when 607106 is divided by 1239.
1235
What is the remainder when 350086 is divided by 58346?
10
Calculate the remainder when 981 is divided by 38.
31
Calculate the remainder when 2105430 is divided by 49.
47
Calculate the remainder when 5482 is divided by 459.
433
What is the remainder when 260631 is divided by 242?
239
What is the remainder when 3269865 is divided by 83?
80
Calculate the remainder when 272532 is divided by 138.
120
What is the remainder when 16099 is divided by 152?
139
What is the remainder when 22647 is divided by 1170?
417
Calculate the remainder when 10124 is divided by 421.
20
Calculate the remainder when 164977 is divided by 673.
92
What is the remainder when 116723 is divided by 426?
425
What is the remainder when 5009 is divided by 253?
202
What is the remainder when 33714 is divided by 449?
39
Calculate the remainder when 2066 is divided by 72.
50
What is the remainder when 7328 is divided by 39?
35
Calculate the remainder when 8496 is divided by 19.
3
What is the remainder when 62459 is divided by 20816?
11
What is the remainder when 50056 is divided by 10011?
1
What is the remainder when 5187 is divided by 229?
149
What is the remainder when 19220 is divided by 89?
85
What is the remainder when 10297 is divided by 9?
1
Calculate the remainder when 535191 is divided by 254.
13
What is the remainder when 251 is divided by 58?
19
Calculate the remainder when 9515 is divided by 43.
12
What is the remainder when 195322 is divided by 31?
22
What is the remainder when 139340 is divided by 139315?
25
What is the remainder when 27424 is divided by 58?
48
What is the remainder when 22285 is divided by 278?
45
What is the remainder when 16077 is divided by 4?
1
What is the remainder when 5730 is divided by 80?
50
Calculate the remainder when 376330 is divided by 16.
10
What is the remainder when 9031 is divided by 1011?
943
What is the remainder when 7077 is divided by 449?
342
Calculate the remainder when 684 is divided by 105.
54
What is the remainder when 2997 is divided by 664?
341
What is the remainder when 8441 is divided by 7?
6
Calculate the remainder when 9457 is divided by 97.
48
Calculate the remainder when 9569 is divided by 143.
131
Calculate the remainder when 3813777 is divided by 15.
12
What is the remainder when 18591 is divided by 1161?
15
What is the remainder when 13113 is divided by 2?
1
What is the remainder when 2319 is divided by 263?
215
Calculate the remainder when 25674 is divided by 1604.
10
What is the remainder when 61929 is divided by 18?
9
Calculate the remainder when 3848 is divided by 547.
19
What is the remainder when 39860 is divided by 67?
62
Calculate the remainder when 24444 is divided by 4074.
0
What is the remainder when 1214 is divided by 155?
129
What is the remainder when 115526 is divided by 1191?
1190
Calculate the remainder when 117650 is divided by 19596.
74
What is the remainder when 212470 is divided by 468?
466
Calculate the remainder when 20397 is divided by 1203.
1149
What is the remainder when 14892 is divided by 120?
12
Calculate the remainder when 1300643 is divided by 27.
26
Calculate the remainder when 11088 is divided by 852.
12
Calculate the remainder when 65643 is divided by 9.
6
What is the remainder when 24406 is divided by 13?
5
Calculate the remainder when 1547281 is divided by 1327.
1326
What is the remainder when 1442478 is divided by 73?
71
Calculate the remainder when 1194 is divided by 206.
164
Calculate the remainder when 7037 is divided by 48.
29
Calculate the remainder when 18233 is divided by 18146.
87
What is the remainder when 1232261 is divided by 246450?
11
Calculate the remainder when 136074 is divided by 39.
3
Calculate the remainder when 6519 is divided by 1289.
74
Calculate the remainder when 66102 is divided by 33051.
0
What is the remainder when 2119 is divided by 194?
179
What is the remainder when 17309 is divided by 39?
32
What is the remainder when 24767 is divided by 400?
367
Calculate the remainder when 6178 is divided by 135.
103
Calculate the remainder when 4473 is divided by 80.
73
Calculate the remainder when 272 is divided by 88.
8
What is the remainder when 22609 is divided by 309?
52
What is the remainder when 21494 is divided by 4?
2
Calculate the remainder when 66046 is divided by 2751.
22
What is the remainder when 41849 is divided by 10345?
469
Calculate the remainder when 367657 is divided by 192.
169
What is the remainder when 8947 is divided by 8945?
2
Calculate the remainder when 42262 is divided by 2486.
0
What is the remainder when 3540 is divided by 92?
44
Calculate the remainder when 296 is divided by 25.
21
What is the remainder when 391 is divided by 289?
102
What is the remainder when 30013 is divided by 639?
619
What is the remainder when 417160 is divided by 417154?
6
Calculate the remainder when 1502402 is divided by 573.
569
What is the remainder when 2301 is divided by 765?
6
Calculate the remainder when 4771 is divided by 434.
431
What is the remainder when 3253 is divided by 470?
433
What is the remainder when 10277 is divided by 36?
17
Calculate the remainder when 8956 is divided by 125.
81
What is the remainder when 294867 is divided by 248?
243
What is the remainder when 965 is divided by 14?
13
Calculate the remainder when 3007 is divided by 1480.
47
What is the remainder when 53650 is divided by 152?
146
What is the remainder when 8825 is divided by 81?
77
What is the remainder when 7707 is divided by 5455?
2252
What is the remainder when 252369 is divided by 67?
47
Calculate the remainder when 20229 is divided by 442.
339
What is the remainder when 1786 is divided by 541?
163
What is the r